Let k be 6 + -1 - (-6 - 29). Let z(b) = -5*b. Let a be z(-2). What is the highest common factor of k and a?
10
Let t(q) = 117*q - 466. Let w be t(18). Calculate the highest common divisor of w and 40.
40
Suppose 4*f - 65 - 295 = 4*r, -3*f + 5*r + 270 = 0. Suppose m + m = f. Let n = m - 29. What is the highest common divisor of n and 16?
16
Let x = 69 + -66. Suppose -x*r - 2*r = -10. What is the greatest common factor of 34 and r?
2
Let n(l) = l**2 + 5*l - 2. Let h be n(-6). Suppose 192 = a - 3*f, -6*a - 3*f + 384 = -h*a. What is the greatest common divisor of 24 and a?
24
Let h = 11 + 3. Let u be (-5)/(-4)*2*(-44 - -58). Calculate the highest common factor of h and u.
7
Suppose 19*k - 3*k - 224 = 0. Let r(y) = 7*y**2 - y - 4. Let h be r(3). Calculate the highest common divisor of k and h.
14
Suppose k + 3*s = 21, 0*k - 4*k = 2*s - 44. What is the highest common divisor of k and 9?
9
Suppose 2681 = 55*g - 1169. Calculate the highest common divisor of 1330 and g.
70
Suppose 0 = 2*q + 2*s - 62, 3*s + 15 + 123 = 4*q. What is the highest common divisor of 154 and q?
11
Let u be ((92 - 0) + -3)/((-22)/(-66)). Calculate the highest common factor of u and 12.
3
Let v be (18 - 0) + (0 - -2). Let g(h) = 12*h**2 - h - 2. Let w be g(-2). Let l = w - 8. What is the highest common divisor of v and l?
20
Let f be (-5 + -2)/((-1 - 1) + 1). Suppose -77 = -p + 3*u, p - 4*u + 0*u - 77 = 0. What is the highest common factor of f and p?
7
Suppose 0*l - 70 = -5*l. Suppose -75*n = -64*n - 1694. Calculate the highest common factor of l and n.
14
Suppose -5 - 63 = -2*y. Suppose 68 = -3*v + 7*v. What is the greatest common factor of y and v?
17
Let m = -181 + 293. What is the greatest common divisor of 504 and m?
56
Let k be (-4 - -3)*2*-5. Suppose 3*t - k = -2*t. Suppose 2*x - 42 = -10. Calculate the greatest common factor of x and t.
2
Let d(x) = -x - 12. Let n be d(-11). Let i be 0/(-5 - n) + 96. Calculate the highest common factor of i and 12.
12
Suppose 2*v + 723 = 5*c + 65, -2*c - 2*v + 266 = 0. What is the greatest common factor of 33 and c?
33
Let b(o) = -o**3 + 8*o**2 - 9*o + 14. Let u be b(7). Suppose u*m - 55 = -5*m. Calculate the greatest common divisor of m and 66.
11
Suppose 9*h = 1075 + 5261. What is the highest common factor of h and 64?
64
Let f be 6/10*(12 + -2). Let i be (-4)/(f - 2) + -1. Let y = i + 3. Calculate the greatest common factor of y and 2.
1
Let v(p) = -p**3 - 5*p**2 + 3*p + 17. Let j be v(-5). Let z be -1 + j - 3 - 92/(-1). What is the highest common factor of 15 and z?
15
Let d be (3/6)/(-2 + 228/112). Suppose -90 = 5*x - d*x. What is the greatest common factor of x and 40?
10
Let j be 13/1 + 4/(-1). What is the greatest common factor of j and 21?
3
Suppose 6*i = 5*i + 11. Let f = 6 + -4. Let d be (i - 2)/(f/18). What is the highest common divisor of d and 9?
9
Let f(n) = n**2 + 43*n + 104. Let o be f(-41). Let t be (-1)/(6/(-4) + 1). What is the highest common factor of o and t?
2
Suppose -3*k + 312 = -0*k. Let f(a) = -a + 13. Let d be f(0). What is the greatest common divisor of d and k?
13
Let j = -89 - -143. Calculate the greatest common factor of j and 189.
27
Suppose 3*s = 4*s - 4*q + 9, 12 = -4*s + 4*q. Let l be (s*2)/(30/(-75)). What is the greatest common factor of 2 and l?
1
Let g be (-11010)/(-16) + (-114)/16 + 7. Calculate the greatest common factor of 86 and g.
86
Suppose 5*w - 23 = -2*v, 3*w = 2*w + v - 1. Suppose -7 = -w*k + 17. Let c be 98/3 - (-6)/(-9). What is the greatest common factor of c and k?
8
Let r(n) = 5*n - 14. Let u = -7 - -13. Let i be r(u). Let t be (-1)/(-5) - (-38)/10. Calculate the highest common divisor of t and i.
4
Suppose 4*m - 145 = -4*s + 99, m - 1 = 0. Suppose 5*g = -10, 3 + 2 = 3*j - g. Let q be j - (-3)/((-3)/(-23)). What is the highest common divisor of s and q?
12
Suppose 0 = 4*j + 3*m + 9, 3*m + 3 = 5*j + 2*m. Suppose 4*g + j*g - 480 = 0. Let w = 55 + -31. What is the highest common factor of w and g?
24
Let r(j) = -j**2 + 12*j + 7. Let a be r(12). Suppose a*n + 32 = 9*n. What is the greatest common factor of 96 and n?
16
Let u(m) = -2*m + 32. Let v be u(-15). Calculate the greatest common factor of v and 155.
31
Let y be 2/(-6) - 30/(-9). Let l be 344/196*7 - 2/7. Calculate the greatest common divisor of y and l.
3
Let f(r) = -49*r**2 - 3*r - 2. Let k be f(2). Let a be k*(3 + 10/(-3)). Let o(j) = 169*j + 1. Let m be o(1). What is the greatest common factor of m and a?
34
Let g be (0 - 2)/(4/(-22)). Let w = 5 + g. What is the highest common divisor of 24 and w?
8
Let n(a) = 47*a**2 + 7*a - 5. Let t be n(2). Suppose -6*p = 5 - t. What is the greatest common divisor of 4 and p?
4
Suppose 21*m - 16*m - 15 = 0. Suppose 2*u = -5*p + 120, 5*p - 5*u - 116 - 4 = 0. Calculate the highest common factor of m and p.
3
Suppose 0 = -9*k + 4*k - 5*z + 620, -2*z = 3*k - 372. Suppose 5*s + k = 9*s. What is the greatest common divisor of 93 and s?
31
Suppose 4*y = -2*o + 60, -4*o + 5*y = -7*o + 90. Let c(f) = 9*f**3 + 2*f**2 - 4*f + 3. Let v be c(2). What is the greatest common factor of o and v?
15
Suppose -2 = -h, 7*f + 18 = 3*f + 5*h. Let p = -10 + f. Let c = 54 - p. What is the highest common divisor of 6 and c?
6
Let m be 24/(-204) - (-960)/68. Calculate the highest common factor of m and 119.
7
Suppose -23*h + 24*h - 111 = 0. Let c be 2360/32 + (-2)/(-8). Calculate the greatest common factor of c and h.
37
Let y(f) = -44*f**2 - 364*f. Let z be y(-8). What is the highest common divisor of z and 3?
3
Let a = 8 + -17. Let h(y) = y**3 + 9*y**2 - y - 10. Let d be h(a). Let b be ((-8)/20)/(d/10). What is the greatest common divisor of 1 and b?
1
Let d(o) = 17*o - 155. Let r be d(12). Calculate the greatest common divisor of r and 21.
7
Suppose 0 = -2*z - 0*z + 6. Suppose 0 = -13*p + 12*p. Suppose -5*a - 16 = -q, p*q + q = -2*a + 2. What is the greatest common factor of q and z?
3
Let u be (-3)/((-20)/8 - -1). Suppose -20 = -4*l - 3*q, -5*l - q + u*q + 25 = 0. What is the highest common factor of 5 and l?
5
Suppose -y - 2*x + 55 = -265, -5*y = -x - 1611. What is the greatest common divisor of y and 14?
14
Suppose -15*w = 2463 - 7323. Suppose g = 27 + 9. What is the greatest common factor of g and w?
36
Suppose 0*x - 67*x = -27537. Calculate the highest common divisor of 3 and x.
3
Suppose 110 = -2*l - 70. Let q be (l/24)/((-3)/108). Let t = q + -80. Calculate the highest common divisor of t and 5.
5
Let l(q) = -q**2 - 14*q - 26. Let d be l(-12). Let c be (d + 13/(-2))*-2. Calculate the greatest common factor of c and 221.
17
Suppose -5*k - 11 = 3*s + 18, k = -1. Let a be s + 10 - (-169 + 1). Let d = -20 - -88. What is the highest common divisor of a and d?
34
Suppose 0 = 16*v - 21*v + 130. Calculate the highest common factor of v and 91.
13
Let g be ((2 - -141) + 4)/(12/20). What is the greatest common factor of 140 and g?
35
Let k = -1059 + 1064. Suppose r + 2*f = 11, -2*r + 4*f - 17 = r. Suppose 3*i + r + k = -j, -3*j + 30 = -3*i. What is the highest common factor of 2 and j?
2
Let n = -29 - -30. Let z be (-945)/(-60) - n/(-4). Calculate the highest common factor of 112 and z.
16
Suppose 3*s = -3*m + 66, 0 = m + 48*s - 44*s - 19. What is the highest common divisor of 4 and m?
1
Suppose 1 = 3*l - 5, -l + 24 = y. What is the highest common divisor of 99 and y?
11
Suppose -6*s + 5*n = -2*s - 77, 3*s = 3*n + 60. Calculate the highest common divisor of s and 529.
23
Let n(w) = -w + 4. Let b be n(3). Let o(g) = 14*g**2 - 4*g + 2. Let s be o(b). Calculate the highest common factor of s and 156.
12
Let q be ((-54)/(-14))/((-96)/(-448)). Let l = 93 + -57. What is the highest common factor of l and q?
18
Suppose -42 = -4*n - 2*n. Let l be (-35)/10*(-4 - -2). What is the greatest common factor of n and l?
7
Let i be 14/504*6 - (-1534)/12. Let w = -353 - -545. Calculate the highest common divisor of i and w.
64
Suppose -12*f + 317 = 77. Suppose -2*x + 87 + 233 = 0. Calculate the greatest common divisor of x and f.
20
Let s = -562 + 585. Let l(r) = -5*r**3 + 4*r**2 + 2*r - 4. Let i be l(-3). What is the greatest common factor of s and i?
23
Let m be (-7)/21 - 541/(-3). Suppose -3*v + m = -0*v. Let l(t) = -2*t - 11. Let f be l(-13). Calculate the highest common factor of f and v.
15
Let w = -45 + 70. What is the hig